5194/(-28). Let t = g - 71. Calculate the remainder when t is divided by 59.
56
Let y = -105 - -160. Suppose -26 = -5*c - 4*w + 26, 2 = c - 2*w. Calculate the remainder when y is divided by c.
7
Let n(k) = k**2 - 12*k + 35. Suppose 10*r - 16*r + 60 = 0. Calculate the remainder when 28 is divided by n(r).
13
Suppose 41*f - 43*f = -18. What is the remainder when 65 is divided by f?
2
Suppose -5*v = 4*d - 1396, 9*v - 5*v = d + 1100. What is the remainder when v is divided by 70?
66
Let v = 221 + -200. Suppose 0 = -2*h - 3*h + 310. Calculate the remainder when h is divided by v.
20
Suppose -4*d - 105 = -3*h, 3*h - d = 69 + 27. What is the remainder when 681 is divided by h?
30
Let a = 555 + -481. What is the remainder when a is divided by 13?
9
Suppose 23*g - 24*g - 47 = 0. Let b = 55 + g. What is the remainder when 19 is divided by b?
3
Suppose -11*j = 7*j - 198. Let t(c) = 18*c. Let i be t(4). Let l = i + -30. What is the remainder when l is divided by j?
9
Suppose -206 = -5*d - 2*a - 66, 3*d - 3*a - 84 = 0. Suppose 3*z = 2*z + d. Suppose z + 5 = 3*c. Calculate the remainder when 52 is divided by c.
8
Suppose 2*o - 6*o = -2696. Suppose -6*w = -o - 94. What is the remainder when w is divided by 26?
24
Calculate the remainder when -7 + 10 + (0 - 3) + 41 is divided by 16.
9
Let b = 3 + 18. Suppose -3*v + b + 87 = 0. What is the remainder when -10*(2 - v/8) is divided by 14?
11
Suppose 7*t = 103 + 303. Suppose -t*q - 24 = -61*q. What is the remainder when 26 is divided by q?
2
Suppose -s + 78 = 5*u, -4*s - 4*u + 301 = 69. Let k = 610 + -596. Calculate the remainder when s is divided by k.
11
Let x = 3725 + -3682. Suppose u - 384 = -2*u. What is the remainder when u is divided by x?
42
Calculate the remainder when 6864/22*((-6)/4 + 2) is divided by 18.
12
Let d(m) = 24*m - 1786. Let f(r) = -r**2 + 5*r + 4. Calculate the remainder when d(76) is divided by f(5).
2
Suppose -4*d + 8 = -4. Suppose 0 = -2*m + 10, -206 = -d*y - 0*m - m. Calculate the remainder when y is divided by 35.
32
Suppose 0*d - 3*d = 12. What is the remainder when 18 is divided by d/(-4)*3 + 1?
2
Let o(d) = d**2 + 2*d - 92. Calculate the remainder when 27 is divided by o(-11).
6
Let j = -207 + 215. Let a = -11 - -7. Calculate the remainder when j is divided by a*(0 + -1) - -1.
3
Let k = 39 + -20. Suppose 3*d + k = 4*d. Let s = 21 - d. What is the remainder when s is divided by 2?
0
Suppose 578 = 2*o - 17*m + 13*m, 3*o + 5*m - 856 = 0. What is the remainder when o is divided by 12?
11
Suppose -q = 3, -q + 72 = 2*z + 3*z. Let a be 0 - 1 - (4 - (-224 - 3)). Let h = -162 - a. What is the remainder when h is divided by z?
10
Suppose 6*q = q - 420. Let l = q - -103. What is the remainder when 2 + -1 - (-1 + -34) is divided by l?
17
Suppose -90 = 215*s - 218*s. What is the remainder when 239 is divided by s?
29
Let k = -12 - -8. Suppose 3*x - 4*j + 7 = 38, -3*x = -3*j - 30. What is the remainder when 2/k + (-63)/(-2) is divided by x?
4
Calculate the remainder when 119 + -109 - (-524)/1 is divided by 77.
72
Let s(w) be the second derivative of 7/6*w**4 - 1/20*w**5 + 0 - 4*w - 11/6*w**3 + 11/2*w**2. Calculate the remainder when s(13) is divided by 10.
7
Let q be (-3 + 3)/(1 + 0). Let l = -6 + q. What is the remainder when 435/18 + 1/l is divided by 13?
11
Let b be ((-126)/(-7))/((-2)/4). Calculate the remainder when 86 is divided by (-296)/b + (-2)/9.
6
Suppose -4*h = 3*w - 20, 3*w = -0*h - 3*h + 18. Suppose 0 = 5*u - 0*u + 4*z - 64, 0 = 4*u - h*z - 46. Calculate the remainder when 83 is divided by u.
11
Suppose z + 1 = -2*w, -2*z = 3*z - 3*w - 34. Suppose -2 + 1 = -r. What is the remainder when 28 is divided by 8 + z - (2 + r)?
8
Let r be 245/(-15)*-3 + -3. Let u = 55 - r. Calculate the remainder when 34 is divided by u.
7
Let h(l) = l**3 + 2*l - 1. Suppose -8 = -6*q - 2. Let m be h(q). Suppose -4*d + m*o = -178, -4*d + 2*o + 183 = -o. What is the remainder when d is divided by 9?
6
Suppose 0*v = 9*v - 126. Calculate the remainder when v is divided by 6/(-3) - -4*3.
4
Suppose 2*f - 33 + 13 = -4*y, -5*f = 3*y - 29. What is the remainder when (-17)/(-3) + (-1)/(-3) is divided by y?
0
Let t(f) = -4*f - 63. Suppose 0 = s - 30 + 47. Calculate the remainder when 9 is divided by t(s).
4
Suppose 4*r - 4*x + 59 = -169, 0 = -5*r - 4*x - 276. Let h = r - -68. What is the remainder when 46 is divided by h?
10
Suppose 5*q - 15*q + 70 = 0. Suppose q*i - 20 = 3*i. What is the remainder when 7 is divided by i?
2
Let a(n) be the third derivative of -n**4/12 - 5*n**3/3 - 9*n**2. What is the remainder when 16 is divided by a(-8)?
4
Let o(m) = m**3 - 19*m**2 + 19*m - 15. Let t be o(18). Let p be (-32)/(-2)*27/12. Let f = p + t. What is the remainder when f is divided by 20?
19
Suppose 26*x = a + 21*x - 3, 5*a = 3*x + 59. Calculate the remainder when 386 is divided by a.
9
Let x(c) = -15*c. Suppose 0 = 2*w + 4*l - 16, -5*l + 4 = -6. Let v = 17 + w. Calculate the remainder when x(-4) is divided by v.
18
Suppose 0 = -r - 4*r + 10. Suppose 2*h - 34 = -r*y, -4*y = -4*h - 60 + 16. Let n(p) = -2*p**2 + 20*p - 17. What is the remainder when n(3) is divided by y?
11
Suppose m - 29 = 3*q + 14, -5*q = -5*m + 205. Calculate the remainder when 137 is divided by m.
17
Let j(b) = -b**2 - 17*b + 16. Suppose -3*a + 130 = -2*g, -3*g = a + a - 104. Calculate the remainder when a is divided by j(-17).
14
Let g = 2 + 3. What is the remainder when 27 is divided by g?
2
Let z be (-118)/(-8) + 33/(-44). Suppose -294 = -11*j + z. What is the remainder when j is divided by 16?
12
Let x = 302 + -140. Suppose 6*q - x = -30. What is the remainder when q is divided by 12?
10
Let r(o) = -o**3 - o**2 - 2*o - 5. Calculate the remainder when 84 is divided by r(-3).
8
Let v = -178 + 263. What is the remainder when v is divided by 78?
7
Suppose 99*d = 109*d - 250. What is the remainder when 1847 is divided by d?
22
Suppose -9*f + 12 = -15*f. Calculate the remainder when 69 is divided by (f + 29)*(-6)/(-9).
15
Suppose 3*s = 9, s + 440 = 4*j - 3*s. Calculate the remainder when j is divided by 4.
1
Suppose 2*x = -4*p - 0*x + 54, -p + 5*x + 41 = 0. Calculate the remainder when 43 is divided by p.
11
Suppose 3*s - 564 = 873. What is the remainder when s is divided by 12?
11
Suppose -6 = 3*s, 0*r - 3*r - 6 = 3*s. Suppose r = -v + 5*v - 48. Calculate the remainder when 142 is divided by v.
10
Let z = -71 + 92. Let b(d) = -d**3 + d**2 + d - 35. Let i be b(0). What is the remainder when z is divided by 40/7 - 10/i?
3
Let m(o) = o + 5. Let q(f) = -f**3 - 4*f**2 + f + 3. Let x be q(-4). Let b = x - -58. Calculate the remainder when b is divided by m(10).
12
Suppose 0 = p - 13. Suppose p = u - a - 2*a, 5*a + 43 = 3*u. Calculate the remainder when 1 + (-1)/2*-56 is divided by u.
13
Let l = 3812 + -3779. Let q = -171 + 299. What is the remainder when q is divided by l?
29
Let a be 92/(-2)*(1 - 57/6). Suppose -4*o + 4*f + a - 15 = 0, o - 79 = 4*f. Calculate the remainder when o is divided by 35.
29
Let w = -877 - -898. What is the remainder when 87 is divided by w?
3
Let a = 692 + -681. Let v(l) = -19*l - 4. Let y be v(-3). Suppose -2*d + d = -y. Calculate the remainder when d is divided by a.
9
Let k = -379 + 381. Suppose -3*w + 15 = -0*w. What is the remainder when w is divided by k?
1
What is the remainder when (0 + 1)*378/3 - 3 is divided by 111?
12
Let p(j) = j + 6. Let i be p(-3). Suppose m = -3*f + 14, 30 = m - i*f - 2*f. Let d = 29 + -18. Calculate the remainder when m is divided by d.
9
Suppose k = -4*a - 23, -2*k + 4*a = -k + 55. Let u = -14 - k. What is the remainder when 70 is divided by u?
20
Let b be 4 + (-5)/(15/6). Suppose -b*a - 34 + 116 = 0. What is the remainder when a is divided by 21?
20
Let o be (-2)/(-7)*(10 + -3). Suppose 2*c - 16 + o = 0. Suppose t - 108 = -3*t. What is the remainder when t is divided by c?
6
Let w(k) = k**3 + 11*k**2 + 23*k - 5. Let m be w(-8). Suppose m*h = -h + 236. What is the remainder when h is divided by 21?
17
What is the remainder when 5/(-6) + 75495/90 is divided by 29?
26
Suppose -27*g = -24*g - 12, 0 = x - 3*g - 98. Calculate the remainder when 335 is divided by x.
5
Suppose -33*l + 4413 = 1476. What is the remainder when l is divided by 6?
5
Let n = 4 - -4. Let k = -7 + 100. Let t = -63 + k. Calculate 